4901?
19
What is the highest common divisor of 228928 and 285888?
64
Calculate the highest common divisor of 326 and 13862987.
163
What is the greatest common factor of 28314 and 6296004?
2574
What is the highest common factor of 8128590 and 60?
30
Calculate the highest common factor of 74448 and 70641.
423
Calculate the highest common divisor of 30 and 91477300.
10
Calculate the highest common divisor of 430526 and 1283896.
334
What is the greatest common divisor of 624750 and 7834875?
6375
Calculate the highest common divisor of 260597624 and 2856.
952
Calculate the greatest common factor of 21912 and 148830.
66
Calculate the highest common divisor of 2162025 and 7101.
27
What is the highest common factor of 26 and 39434629?
13
Calculate the highest common divisor of 156149495 and 283.
283
Calculate the greatest common factor of 456 and 54829136.
152
What is the greatest common factor of 212 and 44460428?
212
Calculate the highest common divisor of 513796605 and 9.
3
Calculate the greatest common divisor of 20485 and 11932874.
241
Calculate the highest common factor of 1481705 and 964214.
4423
Calculate the greatest common divisor of 1200 and 5667900.
300
What is the greatest common divisor of 430 and 358159255?
215
What is the greatest common divisor of 29768 and 306041087?
3721
What is the highest common factor of 4990 and 23282342?
998
Calculate the highest common divisor of 22782 and 348.
6
Calculate the greatest common divisor of 14472323 and 219.
73
Calculate the highest common divisor of 91356 and 3870714.
1986
What is the highest common divisor of 597996 and 82124?
196
What is the greatest common factor of 36739819 and 2607?
79
Calculate the highest common factor of 60 and 61651420.
20
What is the greatest common factor of 96227676 and 1380?
276
What is the highest common divisor of 11053638 and 459?
459
What is the highest common divisor of 7946 and 4428114?
274
What is the greatest common factor of 540351 and 168?
21
What is the greatest common factor of 3 and 132408264?
3
What is the greatest common divisor of 100397962 and 130144?
8134
What is the highest common divisor of 1937784 and 11884584?
7368
Calculate the highest common divisor of 2958 and 177237444.
2958
Calculate the greatest common divisor of 291422450 and 220.
110
What is the greatest common divisor of 1623504 and 8046?
894
Calculate the highest common divisor of 6472872 and 13832.
56
What is the highest common factor of 24 and 2564514?
6
Calculate the highest common factor of 506 and 70067118.
22
Calculate the greatest common factor of 29339245 and 4225.
845
Calculate the greatest common divisor of 9090 and 12345.
15
What is the greatest common factor of 920 and 4746050?
230
Calculate the greatest common divisor of 6266 and 20875420.
482
Calculate the greatest common divisor of 7366 and 1420114.
254
What is the greatest common factor of 762 and 12300839?
127
What is the greatest common factor of 288867872 and 2742?
914
What is the greatest common divisor of 71599 and 1357?
23
What is the greatest common factor of 820 and 713031?
41
What is the highest common factor of 34 and 238268?
2
Calculate the greatest common factor of 11216 and 172528.
16
What is the greatest common divisor of 2 and 2204302?
2
What is the greatest common factor of 3 and 32506602?
3
Calculate the highest common factor of 95148186 and 630.
42
What is the greatest common divisor of 488 and 48864?
8
Calculate the highest common factor of 766 and 93034530.
766
Calculate the highest common factor of 959626278 and 1404.
702
What is the highest common factor of 3391 and 1898386921?
3391
Calculate the highest common divisor of 47658722 and 947.
947
What is the greatest common factor of 5057535 and 288855?
735
Calculate the highest common factor of 345242 and 15794.
106
Calculate the highest common divisor of 129 and 80492904.
129
Calculate the greatest common divisor of 406 and 1067044734.
406
What is the greatest common factor of 452 and 6847122?
226
What is the highest common divisor of 24310 and 28222805?
1105
What is the greatest common divisor of 291 and 4804119?
291
Calculate the greatest common divisor of 35 and 1739346.
7
What is the greatest common divisor of 504 and 3877608?
168
Calculate the highest common factor of 1216152 and 18848.
152
Calculate the greatest common factor of 11867485 and 35.
35
What is the highest common factor of 80654336 and 25123?
679
Calculate the highest common divisor of 7832576 and 33792.
1024
Calculate the greatest common factor of 88663740 and 660.
660
What is the highest common factor of 1960163735 and 1745?
1745
What is the greatest common factor of 421417025 and 2671?
2671
Calculate the highest common divisor of 1203840 and 46170.
1710
Calculate the highest common factor of 3008510 and 275.
5
What is the highest common factor of 8 and 55597826?
2
Calculate the highest common divisor of 4185 and 6351435.
1395
What is the highest common divisor of 72571 and 1984?
31
Calculate the highest common factor of 550 and 547600.
50
What is the highest common factor of 18732 and 395892?
84
What is the greatest common factor of 1358634 and 1054758?
2202
Calculate the greatest common factor of 609 and 250485354.
609
Calculate the highest common factor of 181240346 and 14.
14
Calculate the highest common divisor of 105885 and 218970.
45
What is the greatest common factor of 25657690 and 10?
10
What is the greatest common divisor of 1530020 and 4520?
2260
Calculate the highest common divisor of 1443549 and 253.
23
What is the highest common factor of 14958 and 10530?
54
Calculate the greatest common divisor of 13607324 and 284.
4
What is the greatest common factor of 321644930 and 680?
170
What is the highest common factor of 1049013 and 497?
7
Calculate the greatest common factor of 2344 and 3930595.
293
Calculate the highest common divisor of 1513 and 116264972.
1513
Calculate the greatest common factor of 6758491 and 3385.
677
Calculate the greatest common factor of 1009576543 and 2243.
2243
Calculate the highest common divisor of 106150 and 21956.
22
Calculate the highest common factor of 193493786 and 3142.
3142
Calculate the highest common divisor of 5518 and 104563.
31
Calculate the greatest common divisor of 135 and 88947105.
15
What is the highest common factor of 7199532 and 2043?
2043
What is the greatest common divisor of 27864270 and 143290?
1610
What is the greatest common divisor of 6762 and 349958?
98
Calculate the greatest common factor of 9766 and 101498.
38
What is the highest common divisor of 5558920 and 10540?
620
Calculate the highest common factor of 21218776 and 16.
8
What is the highest common factor of 110200 and 3830?
10
Calculate the highest common factor of 21615225 and 225.
75
Calculate the greatest common divisor of 2945 and 884260.
95
Calculate the highest common factor of 284445 and 109515.
735
What is the greatest common divisor of 36396 and 27255549?
1011
What is the highest common factor of 898825 and 29770?
1145
Calculate the greatest common factor of 4 and 79740532.
4
Calculate the highest common divisor of 4735159 and 77.
11
What is the greatest common factor of 231181370 and 10045?
1435
Calculate the greatest common factor of 419660 and 2020.
20
Calculate the greatest common divisor of 22 and 1598278.
22
Calculate the greatest common divisor of 2346 and 16026078.
138
What is the greatest common divisor of 12 and 86753844?
12
What is the highest common divisor of 10359909 and 378?
63
What is the highest common factor of 574 and 923762?
14
Calculate the greatest common factor of 19319166 and 514305.
9351
What is the highest common factor of 21131 and 26292727?
1921
What is the highest common divisor of 260 and 4065724?
52
Calculate the greatest common divisor of 6585670 and 1946.
14
Calculate the greatest common divisor of 57728 and 18700.
44
Calculate the greatest common factor of 15182136 and 4170.
834
What is the highest common divisor of 16 and 897896?
8
What is the greatest common factor of 3355 and 1864780?
5
What is the greatest common factor of 2025 and 89258175?
225
What is the greatest common divisor of 200 and 503176?
8
What is the greatest common factor of 3897699 and 156?
39
Calculate the greatest common factor of 917403